{"id":511,"date":"2022-01-27T15:26:50","date_gmt":"2022-01-27T15:26:50","guid":{"rendered":"http:\/\/fastwpdemo.com\/newwp\/westo\/?page_id=511"},"modified":"2026-03-29T14:26:15","modified_gmt":"2026-03-29T14:26:15","slug":"hizmetlerimiz","status":"publish","type":"page","link":"https:\/\/yenikenthurdaci.com\/index.php\/hizmetlerimiz\/","title":{"rendered":"Hizmetlerimiz"},"content":{"rendered":"\t\t<div data-elementor-type=\"wp-page\" data-elementor-id=\"511\" class=\"elementor elementor-511\">\n\t\t\t\t\t\t<section class=\"elementor-section elementor-top-section elementor-element elementor-element-5a69614 elementor-section-full_width elementor-section-height-default elementor-section-height-default\" data-id=\"5a69614\" data-element_type=\"section\" data-e-type=\"section\">\n\t\t\t\t\t\t<div class=\"elementor-container elementor-column-gap-default\">\n\t\t\t\t\t<div class=\"elementor-column elementor-col-100 elementor-top-column elementor-element elementor-element-3c35285\" data-id=\"3c35285\" data-element_type=\"column\" data-e-type=\"column\">\n\t\t\t<div class=\"elementor-widget-wrap elementor-element-populated\">\n\t\t\t\t\t\t<div class=\"elementor-element elementor-element-c412a5a elementor-widget elementor-widget-westo_services_v2\" data-id=\"c412a5a\" data-element_type=\"widget\" data-e-type=\"widget\" data-widget_type=\"westo_services_v2.default\">\n\t\t\t\t<div class=\"elementor-widget-container\">\n\t\t\t\t\t        \n        <!--Start Service Style1 Area-->\n        <section class=\"service-style1-area\">\n            <div class=\"container\">\n                <div class=\"row text-right-rtl\">\n                \t                    <!--Start Single Service Style1-->\n                    <div class=\"col-xl-3 col-lg-6 col-md-6 wow fadeInUp\" data-wow-delay=\"00ms\" data-wow-duration=\"1500ms\">\n                        <div class=\"single-service-style1\">\n                            <div class=\"inner\">\n                                <div class=\"round-box\"><\/div>\n                                <div class=\"icon\">\n                                    <span class=\"icon-garbage-bin\"><\/span>\n                                <\/div>\n                                <div class=\"text\">\n                                    <h3>Al\u00fcminyum<br> Hurda<\/h3>\n                                    <p>Profil, levha ve t\u00fcm al\u00fcminyum hurdalar\u0131n\u0131z\u0131 yerinde nakit al\u0131yoruz.<\/p>\n                                <\/div>\n                            <\/div>\n                            <div class=\"btn-box\">\n                                <a href=\"http:\/\/fastwpdemo.com\/newwp\/westo\/services\/garbage-pickup\/\"><span class=\"icon-right-arrow\"><\/span><\/a>\n                            <\/div>\n                        <\/div>\n                    <\/div>\n                    <!--End Single Service Style1-->\n                                        <!--Start Single Service Style1-->\n                    <div class=\"col-xl-3 col-lg-6 col-md-6 wow fadeInUp\" data-wow-delay=\"00ms\" data-wow-duration=\"1500ms\">\n                        <div class=\"single-service-style1\">\n                            <div class=\"inner\">\n                                <div class=\"round-box\"><\/div>\n                                <div class=\"icon\">\n                                    <span class=\"icon-dustbin-1\"><\/span>\n                                <\/div>\n                                <div class=\"text\">\n                                    <h3>Bak\u0131r<br> Hurda<\/h3>\n                                    <p>Soyma, kablo ve t\u00fcm bak\u0131r hurdalar\u0131n\u0131z\u0131 kap\u0131da pe\u015fin nakit al\u0131yoruz.<\/p>\n                                <\/div>\n                            <\/div>\n                            <div class=\"btn-box\">\n                                <a href=\"http:\/\/fastwpdemo.com\/newwp\/westo\/services\/dumpster-rental\/\"><span class=\"icon-right-arrow\"><\/span><\/a>\n                            <\/div>\n                        <\/div>\n                    <\/div>\n                    <!--End Single Service Style1-->\n                                        <!--Start Single Service Style1-->\n                    <div class=\"col-xl-3 col-lg-6 col-md-6 wow fadeInUp\" data-wow-delay=\"00ms\" data-wow-duration=\"1500ms\">\n                        <div class=\"single-service-style1\">\n                            <div class=\"inner\">\n                                <div class=\"round-box\"><\/div>\n                                <div class=\"icon\">\n                                    <span class=\"icon-portable-toilet\"><\/span>\n                                <\/div>\n                                <div class=\"text\">\n                                    <h3>Demir<br> Hurda<\/h3>\n                                    <p>\u0130n\u015faat, profil ve t\u00fcm demir hurdalar\u0131n\u0131z\u0131 adreste pe\u015fin al\u0131yoruz.<\/p>\n                                <\/div>\n                            <\/div>\n                            <div class=\"btn-box\">\n                                <a href=\"http:\/\/fastwpdemo.com\/newwp\/westo\/services\/portable-toilets\/\"><span class=\"icon-right-arrow\"><\/span><\/a>\n                            <\/div>\n                        <\/div>\n                    <\/div>\n                    <!--End Single Service Style1-->\n                                        <!--Start Single Service Style1-->\n                    <div class=\"col-xl-3 col-lg-6 col-md-6 wow fadeInUp\" data-wow-delay=\"00ms\" data-wow-duration=\"1500ms\">\n                        <div class=\"single-service-style1\">\n                            <div class=\"inner\">\n                                <div class=\"round-box\"><\/div>\n                                <div class=\"icon\">\n                                    <span class=\"icon-recycle\"><\/span>\n                                <\/div>\n                                <div class=\"text\">\n                                    <h3>Sar\u0131<br> Hurda<\/h3>\n                                    <p>Musluk, vana ve t\u00fcm sar\u0131 hurdalar\u0131n\u0131z\u0131 kap\u0131da pe\u015fin nakit al\u0131yoruz.<\/p>\n                                <\/div>\n                            <\/div>\n                            <div class=\"btn-box\">\n                                <a href=\"http:\/\/fastwpdemo.com\/newwp\/westo\/services\/residential-recycling\/\"><span class=\"icon-right-arrow\"><\/span><\/a>\n                            <\/div>\n                        <\/div>\n                    <\/div>\n                    <!--End Single Service Style1-->\n                                    <\/div>\n            <\/div>\n        <\/section>\n        <!--End Service Style1 Area-->\n        \n        \t\t\t\t<\/div>\n\t\t\t\t<\/div>\n\t\t\t\t\t<\/div>\n\t\t<\/div>\n\t\t\t\t\t<\/div>\n\t\t<\/section>\n\t\t\t\t<section class=\"elementor-section elementor-top-section elementor-element elementor-element-dd11fc4 elementor-section-full_width elementor-section-height-default elementor-section-height-default\" data-id=\"dd11fc4\" data-element_type=\"section\" data-e-type=\"section\">\n\t\t\t\t\t\t<div class=\"elementor-container elementor-column-gap-default\">\n\t\t\t\t\t<div class=\"elementor-column elementor-col-100 elementor-top-column elementor-element elementor-element-1f572b4\" data-id=\"1f572b4\" data-element_type=\"column\" data-e-type=\"column\">\n\t\t\t<div class=\"elementor-widget-wrap elementor-element-populated\">\n\t\t\t\t\t\t<div class=\"elementor-element elementor-element-5e97f19 elementor-widget elementor-widget-westo_call_to_action\" data-id=\"5e97f19\" data-element_type=\"widget\" data-e-type=\"widget\" data-widget_type=\"westo_call_to_action.default\">\n\t\t\t\t<div class=\"elementor-widget-container\">\n\t\t\t\t\t\n\t<!--Start slogan area-->\n\t<section class=\"slogan-area\">\n\t\t<div class=\"container\">\n\t\t\t<div class=\"row\">\n\t\t\t\t\t\t\t\t<div class=\"col-xl-5 col-lg-12\">\n\t\t\t\t\t<div class=\"phone-number-box2\">\n\t\t\t\t\t\t<div class=\"icon\">\n\t\t\t\t\t\t\t<span class=\"icon-phone-ringing\"><\/span>\n\t\t\t\t\t\t<\/div>\n\t\t\t\t\t\t<div class=\"phone\">\n\t\t\t\t\t\t\t<p>Have any questions?<\/p>\t\t\t\t\t\t\t<a href=\"tel:12463330089\">+1-(246) 333-0089<\/a>\t\t\t\t\t\t<\/div>\n\t\t\t\t\t<\/div>\n\t\t\t\t<\/div>\n\t\t\t\t\t\t\t\t\n\t\t\t\t\t\t\t\t<div class=\"col-xl-4 col-lg-12\">\n\t\t\t\t\t<div class=\"slogan-text-box\">\n\t\t\t\t\t\t<p>Duis vel mi id sit amet nsectetur cing elituspe ndisse suscipit sagitis leo sit.<\/p>\n\t\t\t\t\t<\/div>\n\t\t\t\t<\/div>\n\t\t\t\t\t\t\t\t\n\t\t\t\t\t\t\t\t<div class=\"col-xl-3 col-lg-12\">\n\t\t\t\t\t<div class=\"slogan-btn-box\">\n\t\t\t\t\t\t<a href=\"http:\/\/fastwpdemo.com\/newwp\/westo\/contact\/\" class=\"btn-one\"><span class=\"txt\">discover more<i class=\"icon-refresh arrow\"><\/i><\/span><\/a>\n\t\t\t\t\t<\/div>\n\t\t\t\t<\/div>\n\t\t\t\t\t\t\t<\/div>\n\t\t<\/div>\n\t<\/section>\n\t<!--End slogan area-->\n\t\n\t\t\t\t\t<\/div>\n\t\t\t\t<\/div>\n\t\t\t\t\t<\/div>\n\t\t<\/div>\n\t\t\t\t\t<\/div>\n\t\t<\/section>\n\t\t\t\t<\/div>\n\t\t","protected":false},"excerpt":{"rendered":"<p>Al\u00fcminyum Hurda Profil, levha ve t\u00fcm al\u00fcminyum hurdalar\u0131n\u0131z\u0131 yerinde nakit al\u0131yoruz. Bak\u0131r Hurda Soyma, kablo ve t\u00fcm bak\u0131r hurdalar\u0131n\u0131z\u0131 kap\u0131da pe\u015fin nakit al\u0131yoruz. Demir Hurda \u0130n\u015faat, profil ve t\u00fcm demir hurdalar\u0131n\u0131z\u0131 adreste pe\u015fin al\u0131yoruz. Sar\u0131 Hurda Musluk, vana ve t\u00fcm sar\u0131 hurdalar\u0131n\u0131z\u0131 kap\u0131da pe\u015fin nakit al\u0131yoruz. Have any questions? +1-(246) 333-0089 Duis vel mi id [&hellip;]<\/p>\n","protected":false},"author":1,"featured_media":0,"parent":0,"menu_order":0,"comment_status":"closed","ping_status":"closed","template":"tpl-default-elementor.php","meta":{"footnotes":""},"class_list":["post-511","page","type-page","status-publish","hentry"],"_links":{"self":[{"href":"https:\/\/yenikenthurdaci.com\/index.php\/wp-json\/wp\/v2\/pages\/511","targetHints":{"allow":["GET"]}}],"collection":[{"href":"https:\/\/yenikenthurdaci.com\/index.php\/wp-json\/wp\/v2\/pages"}],"about":[{"href":"https:\/\/yenikenthurdaci.com\/index.php\/wp-json\/wp\/v2\/types\/page"}],"author":[{"embeddable":true,"href":"https:\/\/yenikenthurdaci.com\/index.php\/wp-json\/wp\/v2\/users\/1"}],"replies":[{"embeddable":true,"href":"https:\/\/yenikenthurdaci.com\/index.php\/wp-json\/wp\/v2\/comments?post=511"}],"version-history":[{"count":8,"href":"https:\/\/yenikenthurdaci.com\/index.php\/wp-json\/wp\/v2\/pages\/511\/revisions"}],"predecessor-version":[{"id":1554,"href":"https:\/\/yenikenthurdaci.com\/index.php\/wp-json\/wp\/v2\/pages\/511\/revisions\/1554"}],"wp:attachment":[{"href":"https:\/\/yenikenthurdaci.com\/index.php\/wp-json\/wp\/v2\/media?parent=511"}],"curies":[{"name":"wp","href":"https:\/\/api.w.org\/{rel}","templated":true}]}}